w - 426 - 149. What are the prime factors of w?
5, 23
Let i(n) = -n**2 + 6*n - 2*n + n. Let u be i(5). Suppose u = 2*q - q - 2. List the prime factors of q.
2
Suppose -3*v = 5*l - 3 - 41, l + 2*v = 6. Let c = 2 + l. List the prime factors of c.
2, 3
Suppose 2*m + 2*m - 108 = 0. What are the prime factors of m?
3
Let l(y) = 27*y**2 - y - 13. List the prime factors of l(4).
5, 83
Let x = -23 - 14. Let h = x + 7. Let b = 49 + h. List the prime factors of b.
19
What are the prime factors of 82/3 - (-12)/18?
2, 7
Let n = 19 + -12. List the prime factors of (18/n)/((-3)/(-21)).
2, 3
Suppose -9*z - 400 = -13*z. What are the prime factors of z?
2, 5
Let o(s) = s**3 - s**2 + s + 18. Let h be o(0). Let x = h + -6. List the prime factors of x.
2, 3
Let v(f) = -f + 3. Let y be v(0). Suppose -3 = -y*u + 3. Suppose u*q = 5*t - 4, -22 = -3*q - 4*t - 5. What are the prime factors of q?
3
Let p = 99 - -43. What are the prime factors of p?
2, 71
Suppose 4*a = 9 - 1. Suppose -6 = -3*f - 2*g, 4*f = -a*g + 7*g + 8. List the prime factors of f.
2
Suppose 0 = 4*h + 1 - 13. Let g = 57 - 26. List the prime factors of g/h - 2/6.
2, 5
Let p = 69 - 35. Suppose -3*y - 3*g + p = -5*g, -52 = -4*y - 4*g. What are the prime factors of y?
2, 3
Suppose 0 = 3*p + 4 - 10. Suppose 5*o + p*s - 24 = -2*s, o = -3*s - 4. What are the prime factors of o?
2
Suppose 4*o = 2*o + 8. Let v = -8 - -14. Suppose p = -v*g + o*g + 32, 5*g - p = 66. List the prime factors of g.
2, 7
Let w(a) = a**2 - 6*a. Let o be w(7). List the prime factors of 2*(2 + o/2).
11
Let x(n) = n**3 - n**2. Let a(t) = 7*t**2 - 8. Let u(h) = -a(h) + x(h). What are the prime factors of u(8)?
2
Suppose -5*z = p + 9, 0*p + 2*p = z - 7. Let h = p + 6. What are the prime factors of h?
2
Let c(o) = o**2 - 4*o + 3. Let i(s) be the third derivative of -s**5/60 - s**4/3 - s**3/3 + 2*s**2. Let g be i(-7). What are the prime factors of c(g)?
2
Suppose a + 79 = 3*a - f, -f + 201 = 5*a. Suppose -4*q + 12 + a = 0. What are the prime factors of q?
13
Let h = 25 + -17. What are the prime factors of h - 3/(-2 + -1)?
3
Let l be (-2)/8 - 2/(-8). Suppose -k + 6*k = l. Suppose 2*i + 4*g = -k*g + 18, 4*i = -2*g + 54. What are the prime factors of i?
3, 5
Let p(r) = r**3 - 7*r**2 - r + 9. Let b be p(7). Let u = b - -42. List the prime factors of u.
2, 11
Let t be (1/2)/(2/72). Let j = -3 + t. Suppose j = 5*y - 5. What are the prime factors of y?
2
Let d be -1*(1 + 3 + -2). Let j be 3 + (d - -1*4). Suppose 0 = j*g - 36 + 6. What are the prime factors of g?
2, 3
Let i be (4 + 3)*(-6)/(-7). Let q = i - -2. List the prime factors of q.
2
What are the prime factors of ((-179)/4)/((-20)/80)?
179
Let z = 10 - 3. Let p = z + 6. List the prime factors of p.
13
Let a = 5 + -20. Let f = 36 + a. Suppose -6*v = 3*b - 3*v - f, 0 = 5*b - 4*v - 35. List the prime factors of b.
7
Suppose -5*g + 3*g + 84 = 0. What are the prime factors of g?
2, 3, 7
Suppose -2*o = -d + 2*d - 3, 5*d + 21 = 2*o. Suppose 145 = 2*l + o*l. What are the prime factors of l?
29
Suppose -5*z = -0*z + 55. Let p be 18/(-1 + 0 + 2). Let x = z + p. What are the prime factors of x?
7
Let m(o) = o**3 - 4*o**2 - o - 2. Let t be m(4). Let s = 3 - t. List the prime factors of s.
3
Suppose -105 = -3*m + 99. Suppose 2*f + m = 6*f. What are the prime factors of f?
17
Let x = -2 - 4. Let u(a) = -a**3 - 6*a**2 - 2*a - 2. What are the prime factors of u(x)?
2, 5
Let z be (-8)/(-6)*3/2. Suppose -5*j + z*r = -5, j + 2*r + 0*r = 13. What are the prime factors of -1*3/j*-5?
5
What are the prime factors of -2*4/8 + 143?
2, 71
Suppose 0 = 5*n + 76 - 11. Let j = n + 30. List the prime factors of j.
17
Let z(d) = -d**3 + 3. Let h be z(0). Suppose -24 = -t - h*t. List the prime factors of t.
2, 3
Let w(q) = q**3 + 9*q**2 - 10*q + 4. Let b be w(-10). Suppose -b*i + 2*s = -26, -3*i + 4*s + 31 = 2*i. What are the prime factors of i?
7
Let y = 32 - 8. Suppose -9*r + y = -5*r. List the prime factors of r.
2, 3
Suppose 3*p - 8 - 7 = 0. Suppose p*t - 4 - 1 = 0. Let i = t - -4. List the prime factors of i.
5
Let b be 100/8 - (-2)/4. Suppose 0 = 4*v - 2*v - 4. Suppose -v*k - 1 = -b. List the prime factors of k.
2, 3
Let i(c) = 7 + 0*c + 0*c + c. Let n be i(-6). Suppose 4*a - 23 = n. List the prime factors of a.
2, 3
Suppose -4*p + 27 - 7 = 0. Suppose 56 = p*n - 9. List the prime factors of n.
13
Suppose 0 = -2*w - 72 + 226. List the prime factors of 4/(-14) + 1408/w.
2, 3
Let u be 0 - (0/(-3) - 3). Suppose 170 = 5*n - u*d, -4*n + 3*n + 6 = 5*d. List the prime factors of n.
31
What are the prime factors of 0*((-3)/6 + 0) - -134?
2, 67
Let l = 1018 + -688. What are the prime factors of l?
2, 3, 5, 11
Let y = -4 - -7. Suppose 0 = y*x + x - 4*i - 48, -42 = -4*x + i. List the prime factors of x.
2, 5
Let c = 35 + -20. Let b = 21 - c. What are the prime factors of b?
2, 3
Suppose -2*i + 23 = -5*x - 24, 0 = -2*x + 2*i - 20. Let c = x + 5. Let a(g) = g**3 + 5*g**2 + g. List the prime factors of a(c).
2, 3
Suppose -15 = -r - 2*n + 8, 3*n - 80 = -5*r. Let o = -9 + r. Suppose -o*u = -10 - 18. List the prime factors of u.
7
Let z = 14 + -8. What are the prime factors of z?
2, 3
Let w be 23/4 - (-2)/8. Let s = w + 7. What are the prime factors of s?
13
Let y(r) be the third derivative of r**5/30 - r**4/4 + r**3/3 - 2*r**2. What are the prime factors of y(4)?
2, 5
List the prime factors of (-4)/18 - (-1470)/54.
3
Let y(p) = p**2 + 3*p - 6. Let h be y(-5). Suppose 8 = h*o - 0. What are the prime factors of o?
2
Suppose 9 = 4*q + 1. Suppose -8 = 5*w - 3*w, 3*r = q*w + 23. Suppose r*n = 5*p + 50, -3*p = 5*n + 2*p - 30. What are the prime factors of n?
2
Let t = -100 - -242. List the prime factors of t.
2, 71
Suppose -5*j + 17 = 57. Let l = j - -15. List the prime factors of l.
7
Let o be (0 + (-315)/(-12))*12. Let a be 2/((-6)/o*-3). Suppose 4*y + y = a. List the prime factors of y.
7
Let s = -9 - -57. What are the prime factors of s?
2, 3
Let a(i) = 3*i - 1. Let p be a(3). Suppose 3*x = x - p. What are the prime factors of -2 - ((-2)/1 + x)?
2
List the prime factors of (-730)/(-6) + (-6)/(-18).
2, 61
Let q(x) = -x**3 + 14*x**2 - 12*x - 9. Let p be q(13). List the prime factors of (-126 - -10)*(-1)/p.
29
What are the prime factors of (-330)/(-8) - 11/44?
41
Suppose 2*s - 3 = -1. Let a be 0/(0/(-1) - s). Suppose 0 = 5*n - a*n - 40. What are the prime factors of n?
2
Let k(t) = t**2 + 20. List the prime factors of k(-11).
3, 47
Let x(n) = -n**2 - 7*n - 9. Let g be x(-6). List the prime factors of (g - 6)*(2 - 3).
3
What are the prime factors of (3705/(-26))/(3/(-4))?
2, 5, 19
Suppose 6*b - 75 = -5*y + 3*b, 4*b = 20. What are the prime factors of y?
2, 3
Let h = -11 - 29. Let y = 76 + h. What are the prime factors of y?
2, 3
Suppose 0*n = 2*n. Suppose -4*f + 0*f + 8 = n. Suppose 5*a = -4*p + 78, f*a - p = 2*p + 22. What are the prime factors of a?
2, 7
Suppose -s = -0*s + 2, 14 = 3*j - s. Suppose -2*q = 4*t + 10, 3*q - 11 = 4*t + 24. Let c = j - t. What are the prime factors of c?
3
Let u = -17 + 11. Let s be (-4)/u - (-148)/12. Let g = s - 9. What are the prime factors of g?
2
Suppose 0 = o + 4*i - 19, -4*i - 5 - 9 = -2*o. Let g be (2/(-4))/((-1)/32). Let k = g - o. List the prime factors of k.
5
Let o = -5 + 5. Let l(b) = -3*b + o*b + 3*b - 7 + 2*b. List the prime factors of l(6).
5
Let p be ((-2)/3)/(2/(-9)). Let f(y) = -16*y - 3. Let r be f(-2). Suppose p + r = 4*q. What are the prime factors of q?
2
Let o = 1 - 0. Let r = -1 - -4. Suppose -w = o - r. What are the prime factors of w?
2
Let d = 47 + -18. What are the prime factors of d?
29
Suppose -2*k - 4*i + 133 - 21 = 0, -10 = -2*i. What are the prime factors of k?
2, 23
Let r(g) = -2*g - 1. Let y be r(2). Let z = y - -15. What are the prime factors of z?
2, 5
Let y(r) = r**3 - r**2 - 3*r + 2. Let l be y(3). Suppose 0 = -j + 4*q - 13, -j + l = 3*q - 4. What are the prime factors of j?
3
Let t = 2 - -3. Suppose -t*n - 27 = -4*r, -3*r = -7*r - 2*n + 34. List the prime factors of r.
2
Suppose 2*g - 4*g = 2*q - 18, -3*g = -6. Let s = -4 + q. List the prime factors of s.
3
Let o(w) = -12*w**3 + w**2. Let u be 2/(-4) + 1/(-2). What are the prime factors of o(u)?
13
Let p = -1 - -3. Let i be ((-10)/p)/(6 + -7). Suppose 0 = -h - i*l + 19, -3*h + 7*h - l - 55 = 0. List the prime factor